{"id":60,"date":"2025-11-08T20:31:59","date_gmt":"2025-11-08T19:31:59","guid":{"rendered":"https:\/\/www.cocinadelamor.com\/?page_id=60"},"modified":"2025-11-18T12:46:11","modified_gmt":"2025-11-18T11:46:11","slug":"experiences-culinaires","status":"publish","type":"page","link":"https:\/\/www.cocinadelamor.com\/index.php\/experiences-culinaires\/","title":{"rendered":"Exp\u00e9riences culinaires"},"content":{"rendered":"\n<h2 class=\"wp-block-heading has-text-align-center has-text-color has-link-color wp-elements-1c47e25fd285a69ce84d07ba1767b613\" style=\"color:#e5b772;font-size:clamp(28.836px, 1.802rem + ((1vw - 3.2px) * 1.653), 50px);\"><em>Voyage au coeur des saveurs<\/em><\/h2>\n\n\n\n<p class=\"has-text-align-center has-text-color has-link-color wp-elements-51015eff082d72e6c9ce1d0e87a3f798\" style=\"color:#864319;font-size:clamp(14.642px, 0.915rem + ((1vw - 3.2px) * 0.575), 22px);\"><strong>Quand chaque assiette devient une po\u00e9sie du vivant<\/strong><\/p>\n\n\n\n<div class=\"wp-block-columns alignwide is-layout-flex wp-container-core-columns-is-layout-d2da2050 wp-block-columns-is-layout-flex\" style=\"margin-bottom:0\">\n<div class=\"wp-block-column has-white-background-color has-text-color has-background has-link-color wp-elements-cafc61c9732c0a3b1bcd991fa173eba1 is-layout-flow wp-block-column-is-layout-flow\" style=\"color:#000000;padding-top:2em;padding-right:2em;padding-bottom:2em;padding-left:2em\">\n<figure class=\"wp-block-image aligncenter size-full has-custom-border\"><img fetchpriority=\"high\" decoding=\"async\" width=\"1440\" height=\"1440\" src=\"http:\/\/www.cocinadelamor.com\/wp-content\/uploads\/2025\/11\/cocina2-3.jpg\" alt=\"\" class=\"wp-image-624\" style=\"border-radius:7px\" srcset=\"https:\/\/www.cocinadelamor.com\/wp-content\/uploads\/2025\/11\/cocina2-3.jpg 1440w, https:\/\/www.cocinadelamor.com\/wp-content\/uploads\/2025\/11\/cocina2-3-300x300.jpg 300w, https:\/\/www.cocinadelamor.com\/wp-content\/uploads\/2025\/11\/cocina2-3-1024x1024.jpg 1024w, https:\/\/www.cocinadelamor.com\/wp-content\/uploads\/2025\/11\/cocina2-3-150x150.jpg 150w, https:\/\/www.cocinadelamor.com\/wp-content\/uploads\/2025\/11\/cocina2-3-768x768.jpg 768w\" sizes=\"(max-width: 1440px) 100vw, 1440px\" \/><\/figure>\n\n\n\n<h2 class=\"wp-block-heading has-text-color has-link-color wp-elements-126f3d6e2784a4413735da4f823d68f8\" id=\"patron\" style=\"color:#e5b772;font-size:clamp(16.834px, 1.052rem + ((1vw - 3.2px) * 0.716), 26px);\"><strong>Retraites bien-\u00eatre<\/strong><\/h2>\n\n\n\n<p class=\"has-palette-color-3-color has-text-color has-link-color has-normal-font-size wp-elements-f88178e733111ef9b70c39f9e1e1a73d\">Au rythme apaisant d\u2019une <strong>retraite bien-\u00eatre en Corse<\/strong>, la cuisine devient un v\u00e9ritable <strong>espace de pr\u00e9sence et de reconnexion<\/strong>. En tant que <strong>chef \u00e0 domicile sp\u00e9cialis\u00e9e dans la cuisine bien-\u00eatre<\/strong>, je propose une approche consciente et intuitive de l\u2019alimentation, au service du corps et de l\u2019esprit.<\/p>\n\n\n\n<p><strong>Saveurs pures, gestes lents et produits vivants<\/strong> se rencontrent dans une cuisine \u00e0 domicile respectueuse des saisons et du vivant. Chaque plat est pens\u00e9 pour <strong>nourrir le corps, \u00e9clairer le c\u0153ur et apaiser l\u2019esprit<\/strong>, en parfaite harmonie avec l\u2019\u00e9nergie de la retraite.<\/p>\n\n\n\n<p class=\"has-palette-color-3-color has-text-color has-link-color has-normal-font-size wp-elements-c461acf852f3b2da622c01fa23038fb9\">Je cr\u00e9e des <strong>menus personnalis\u00e9s v\u00e9g\u00e9tariens, v\u00e9gan, sans gluten ou anti-inflammatoires<\/strong>, adapt\u00e9s aux besoins des participants et \u00e0 l\u2019intention de votre s\u00e9jour. Cette <strong>gastronomie bien-\u00eatre \u00e0 domicile<\/strong>, ancr\u00e9e en Corse, accompagne vos retraites yoga, m\u00e9ditation ou d\u00e9veloppement personnel avec douceur, \u00e9quilibre et conscience.<\/p>\n\n\n\n<details class=\"wp-block-details has-palette-color-2-color has-text-color has-link-color wp-elements-b95c5cfc091ee7dbdea1519207cd957e is-layout-flow wp-block-details-is-layout-flow\"><summary>Suggestions : <\/summary>\n<p class=\"has-palette-color-3-color has-text-color has-link-color wp-elements-011a6be15aa6d9505942db2d4293d8ec\">-A\u00e7a\u00ef bowl<br>-Soupe asiatique<br>-Velout\u00e9 de l\u00e9gumes<br>-Pudding mangue cardamone<\/p>\n\n\n\n<p><\/p>\n<\/details>\n<\/div>\n\n\n\n<div class=\"wp-block-column has-white-background-color has-text-color has-background has-link-color wp-elements-e2f0017862b7266332077d56252b2309 is-layout-flow wp-block-column-is-layout-flow\" style=\"color:#000000;padding-top:2em;padding-right:2em;padding-bottom:2em;padding-left:2em\">\n<figure class=\"wp-block-image aligncenter size-large has-custom-border\"><img decoding=\"async\" width=\"1024\" height=\"1024\" src=\"http:\/\/www.cocinadelamor.com\/wp-content\/uploads\/2026\/01\/IMG_1177-1024x1024.jpeg\" alt=\"\" class=\"wp-image-662\" style=\"border-radius:7px\" srcset=\"https:\/\/www.cocinadelamor.com\/wp-content\/uploads\/2026\/01\/IMG_1177-1024x1024.jpeg 1024w, https:\/\/www.cocinadelamor.com\/wp-content\/uploads\/2026\/01\/IMG_1177-300x300.jpeg 300w, https:\/\/www.cocinadelamor.com\/wp-content\/uploads\/2026\/01\/IMG_1177-150x150.jpeg 150w, https:\/\/www.cocinadelamor.com\/wp-content\/uploads\/2026\/01\/IMG_1177-768x768.jpeg 768w, https:\/\/www.cocinadelamor.com\/wp-content\/uploads\/2026\/01\/IMG_1177.jpeg 1440w\" sizes=\"(max-width: 1024px) 100vw, 1024px\" \/><\/figure>\n\n\n\n<h2 class=\"wp-block-heading has-text-color has-link-color wp-elements-118b6ffa3aaa532a47ca8cb1094f8fed\" id=\"family\" style=\"color:#e5b772;font-size:clamp(16.834px, 1.052rem + ((1vw - 3.2px) * 0.716), 26px);\"><strong>Brunchs<\/strong><\/h2>\n\n\n\n<p class=\"has-palette-color-3-color has-text-color has-link-color has-normal-font-size wp-elements-ddff1747b4c4b3eaefe94acf83adbdb6\" style=\"line-height:1.5\">Entrez dans l\u2019univers de <strong>Cocina del Amor<\/strong>, o\u00f9 le <strong>brunch \u00e0 domicile en Corse<\/strong> devient un moment sacr\u00e9 et inspir\u00e9. En tant que <strong>chef \u00e0 domicile et chef priv\u00e9<\/strong>, je transforme l\u2019art du brunch en une <strong>exp\u00e9rience gastronomique sur mesure<\/strong>, pens\u00e9e comme un v\u00e9ritable rituel d\u2019Art de Vivre.<\/p>\n\n\n\n<p>Chaque d\u00e9tail est soigneusement imagin\u00e9 pour <strong>\u00e9veiller les sens<\/strong>, sublimer les saveurs et cr\u00e9er une atmosph\u00e8re douce et raffin\u00e9e. Produits locaux, recettes cr\u00e9atives et mise en sc\u00e8ne \u00e9l\u00e9gante s\u2019unissent pour faire de votre <strong>brunch priv\u00e9 \u00e0 domicile<\/strong> un instant unique, intime et inoubliable.<\/p>\n\n\n\n<p class=\"has-palette-color-3-color has-text-color has-link-color has-normal-font-size wp-elements-e2b0ff3b3c7f589d29744820fc733e38\" style=\"line-height:1.5\">Plus qu\u2019un simple repas, le brunch <strong>Cocina del Amor<\/strong> est une invitation \u00e0 ralentir, savourer et c\u00e9l\u00e9brer la beaut\u00e9 d\u2019un matin gourmand, <strong>chez vous ou sur votre lieu de s\u00e9jour en Corse<\/strong>.<\/p>\n\n\n\n<details class=\"wp-block-details has-palette-color-2-color has-text-color has-link-color wp-elements-fea0f2e4f7c84f87a5ef14bcccd2b391 is-layout-flow wp-block-details-is-layout-flow\"><summary>Suggestions :<\/summary>\n<p class=\"has-palette-color-3-color has-text-color has-link-color wp-elements-3ccb5a0cb67131e4ced685215393188e\">-Jus de fruits frais press\u00e9es \u00e0 froid <br>-Infusions \u00e9l\u00e9gantes <br>-Douceurs fines sans gluten <br>-Cr\u00e9ations v\u00e9g\u00e9tales parfum\u00e9es, <br>-Tartines du soleil sucr\u00e9es sal\u00e9es, <br>-Bowls \u00e9nerg\u00e9tiques.<\/p>\n<\/details>\n<\/div>\n\n\n\n<div class=\"wp-block-column has-white-background-color has-text-color has-background has-link-color wp-elements-6d4e038df989873e22359728b26ef97f is-layout-flow wp-block-column-is-layout-flow\" style=\"color:#000000;padding-top:2em;padding-right:2em;padding-bottom:2em;padding-left:2em\">\n<figure class=\"wp-block-image aligncenter size-large has-custom-border\"><img decoding=\"async\" width=\"1024\" height=\"1024\" src=\"http:\/\/www.cocinadelamor.com\/wp-content\/uploads\/2025\/11\/497208213_17862436881402134_4844674100933561661_n-1024x1024.webp\" alt=\"\" class=\"wp-image-64\" style=\"border-radius:7px\" srcset=\"https:\/\/www.cocinadelamor.com\/wp-content\/uploads\/2025\/11\/497208213_17862436881402134_4844674100933561661_n-1024x1024.webp 1024w, https:\/\/www.cocinadelamor.com\/wp-content\/uploads\/2025\/11\/497208213_17862436881402134_4844674100933561661_n-300x300.webp 300w, https:\/\/www.cocinadelamor.com\/wp-content\/uploads\/2025\/11\/497208213_17862436881402134_4844674100933561661_n-150x150.webp 150w, https:\/\/www.cocinadelamor.com\/wp-content\/uploads\/2025\/11\/497208213_17862436881402134_4844674100933561661_n-768x768.webp 768w, https:\/\/www.cocinadelamor.com\/wp-content\/uploads\/2025\/11\/497208213_17862436881402134_4844674100933561661_n.webp 1440w\" sizes=\"(max-width: 1024px) 100vw, 1024px\" \/><\/figure>\n\n\n\n<h2 class=\"wp-block-heading has-text-color has-link-color wp-elements-e5112e0a83b9acb593af4a59f17187bd\" id=\"single\" style=\"color:#e5b772;font-size:clamp(16.834px, 1.052rem + ((1vw - 3.2px) * 0.716), 26px);\">D\u00eeners et ap\u00e9ritifs d\u00eenatoires<\/h2>\n\n\n\n<p class=\"has-palette-color-3-color has-text-color has-link-color has-normal-font-size wp-elements-ece366f5982ef116e7b578e2cd7b3834\" style=\"line-height:1.5\">Offrez-vous une <strong>exp\u00e9rience culinaire unique \u00e0 domicile en Corse<\/strong>, dans l\u2019intimit\u00e9 de votre lieu. En tant que <strong>chef \u00e0 domicile et chef priv\u00e9<\/strong>, je mets mon savoir-faire gastronomique au service de vos envies afin de cr\u00e9er un <strong>repas sur mesure<\/strong>, pens\u00e9 dans les moindres d\u00e9tails.<\/p>\n\n\n\n<p>Chaque menu est \u00e9labor\u00e9 avec raffinement, \u00e0 partir de <strong>produits locaux et de saison<\/strong>, dans une d\u00e9marche sinc\u00e8re visant \u00e0 <strong>sublimer chaque instant partag\u00e9<\/strong>. Cette <strong>cuisine priv\u00e9e \u00e0 domicile<\/strong>, \u00e9l\u00e9gante et personnalis\u00e9e, transforme vos repas en v\u00e9ritables moments d\u2019exception, \u00e0 vivre pleinement chez vous ou sur votre lieu de s\u00e9jour.<\/p>\n\n\n\n<p class=\"has-palette-color-3-color has-text-color has-link-color has-normal-font-size wp-elements-cec50255ff76debe0bcdf1456a8b2cd2\" style=\"line-height:1.5\">Plus qu\u2019un d\u00eener, c\u2019est une <strong>parenth\u00e8se gastronomique intimiste<\/strong>, d\u00e9di\u00e9e au plaisir, au partage et \u00e0 l\u2019art de recevoir.<\/p>\n\n\n\n<details class=\"wp-block-details has-palette-color-2-color has-text-color has-link-color wp-elements-2834d57f4885757e9b6d915c45cc5505 is-layout-flow wp-block-details-is-layout-flow\"><summary>Suggestions : <\/summary>\n<p class=\"has-palette-color-3-color has-text-color has-link-color wp-elements-1b606ce94508a307860fd20d2e184a03\">-Ceviche de daurade mangue passion, citron yuzu,<br>-Filet de Saint-Pierre aux l\u00e9gumes r\u00f4tis<br>-Grenadin de veau, cro\u00fbte aux herbes et pommes de terre grenaille <br>-Carpaccio d&rsquo;ananas, aromatis\u00e9 \u00e0 la verveine.<\/p>\n\n\n\n<p class=\"has-palette-color-3-color has-text-color has-link-color wp-elements-8d3be78c488a7fac02937bfba0c4560c\"><strong>Possibilit\u00e9 de menus par th\u00e9matique: soir\u00e9e Libanaise, Espagnole, Italienne, Mexicaine&#8230;<\/strong><\/p>\n<\/details>\n<\/div>\n<\/div>\n","protected":false},"excerpt":{"rendered":"","protected":false},"author":1,"featured_media":0,"parent":0,"menu_order":0,"comment_status":"closed","ping_status":"closed","template":"","meta":{"footnotes":""},"class_list":["post-60","page","type-page","status-publish","hentry"],"blocksy_meta":[],"yoast_head":"<!-- This site is optimized with the Yoast SEO plugin v26.7 - https:\/\/yoast.com\/wordpress\/plugins\/seo\/ -->\n<title>Exp\u00e9riences culinaires - Cocina del Amor<\/title>\n<meta name=\"robots\" content=\"index, follow, max-snippet:-1, max-image-preview:large, max-video-preview:-1\" \/>\n<link rel=\"canonical\" href=\"https:\/\/www.cocinadelamor.com\/index.php\/experiences-culinaires\/\" \/>\n<meta property=\"og:locale\" content=\"fr_FR\" \/>\n<meta property=\"og:type\" content=\"article\" \/>\n<meta property=\"og:title\" content=\"Exp\u00e9riences culinaires - Cocina del Amor\" \/>\n<meta property=\"og:url\" content=\"https:\/\/www.cocinadelamor.com\/index.php\/experiences-culinaires\/\" \/>\n<meta property=\"og:site_name\" content=\"Cocina del Amor\" \/>\n<meta property=\"article:modified_time\" content=\"2025-11-18T11:46:11+00:00\" \/>\n<meta name=\"twitter:card\" content=\"summary_large_image\" \/>\n<script type=\"application\/ld+json\" class=\"yoast-schema-graph\">{\"@context\":\"https:\/\/schema.org\",\"@graph\":[{\"@type\":\"WebPage\",\"@id\":\"https:\/\/www.cocinadelamor.com\/index.php\/experiences-culinaires\/\",\"url\":\"https:\/\/www.cocinadelamor.com\/index.php\/experiences-culinaires\/\",\"name\":\"Exp\u00e9riences culinaires - Cocina del Amor\",\"isPartOf\":{\"@id\":\"https:\/\/www.cocinadelamor.com\/#website\"},\"datePublished\":\"2025-11-08T19:31:59+00:00\",\"dateModified\":\"2025-11-18T11:46:11+00:00\",\"breadcrumb\":{\"@id\":\"https:\/\/www.cocinadelamor.com\/index.php\/experiences-culinaires\/#breadcrumb\"},\"inLanguage\":\"fr-FR\",\"potentialAction\":[{\"@type\":\"ReadAction\",\"target\":[\"https:\/\/www.cocinadelamor.com\/index.php\/experiences-culinaires\/\"]}]},{\"@type\":\"BreadcrumbList\",\"@id\":\"https:\/\/www.cocinadelamor.com\/index.php\/experiences-culinaires\/#breadcrumb\",\"itemListElement\":[{\"@type\":\"ListItem\",\"position\":1,\"name\":\"Accueil\",\"item\":\"https:\/\/www.cocinadelamor.com\/\"},{\"@type\":\"ListItem\",\"position\":2,\"name\":\"Exp\u00e9riences culinaires\"}]},{\"@type\":\"WebSite\",\"@id\":\"https:\/\/www.cocinadelamor.com\/#website\",\"url\":\"https:\/\/www.cocinadelamor.com\/\",\"name\":\"Cocina del Amor\",\"description\":\"\",\"publisher\":{\"@id\":\"https:\/\/www.cocinadelamor.com\/#organization\"},\"potentialAction\":[{\"@type\":\"SearchAction\",\"target\":{\"@type\":\"EntryPoint\",\"urlTemplate\":\"https:\/\/www.cocinadelamor.com\/?s={search_term_string}\"},\"query-input\":{\"@type\":\"PropertyValueSpecification\",\"valueRequired\":true,\"valueName\":\"search_term_string\"}}],\"inLanguage\":\"fr-FR\"},{\"@type\":\"Organization\",\"@id\":\"https:\/\/www.cocinadelamor.com\/#organization\",\"name\":\"Cocina del Amor\",\"url\":\"https:\/\/www.cocinadelamor.com\/\",\"logo\":{\"@type\":\"ImageObject\",\"inLanguage\":\"fr-FR\",\"@id\":\"https:\/\/www.cocinadelamor.com\/#\/schema\/logo\/image\/\",\"url\":\"https:\/\/www.cocinadelamor.com\/wp-content\/uploads\/2026\/01\/Logo-officiel.png\",\"contentUrl\":\"https:\/\/www.cocinadelamor.com\/wp-content\/uploads\/2026\/01\/Logo-officiel.png\",\"width\":500,\"height\":500,\"caption\":\"Cocina del Amor\"},\"image\":{\"@id\":\"https:\/\/www.cocinadelamor.com\/#\/schema\/logo\/image\/\"}}]}<\/script>\n<!-- \/ Yoast SEO plugin. -->","yoast_head_json":{"title":"Exp\u00e9riences culinaires - Cocina del Amor","robots":{"index":"index","follow":"follow","max-snippet":"max-snippet:-1","max-image-preview":"max-image-preview:large","max-video-preview":"max-video-preview:-1"},"canonical":"https:\/\/www.cocinadelamor.com\/index.php\/experiences-culinaires\/","og_locale":"fr_FR","og_type":"article","og_title":"Exp\u00e9riences culinaires - Cocina del Amor","og_url":"https:\/\/www.cocinadelamor.com\/index.php\/experiences-culinaires\/","og_site_name":"Cocina del Amor","article_modified_time":"2025-11-18T11:46:11+00:00","twitter_card":"summary_large_image","schema":{"@context":"https:\/\/schema.org","@graph":[{"@type":"WebPage","@id":"https:\/\/www.cocinadelamor.com\/index.php\/experiences-culinaires\/","url":"https:\/\/www.cocinadelamor.com\/index.php\/experiences-culinaires\/","name":"Exp\u00e9riences culinaires - Cocina del Amor","isPartOf":{"@id":"https:\/\/www.cocinadelamor.com\/#website"},"datePublished":"2025-11-08T19:31:59+00:00","dateModified":"2025-11-18T11:46:11+00:00","breadcrumb":{"@id":"https:\/\/www.cocinadelamor.com\/index.php\/experiences-culinaires\/#breadcrumb"},"inLanguage":"fr-FR","potentialAction":[{"@type":"ReadAction","target":["https:\/\/www.cocinadelamor.com\/index.php\/experiences-culinaires\/"]}]},{"@type":"BreadcrumbList","@id":"https:\/\/www.cocinadelamor.com\/index.php\/experiences-culinaires\/#breadcrumb","itemListElement":[{"@type":"ListItem","position":1,"name":"Accueil","item":"https:\/\/www.cocinadelamor.com\/"},{"@type":"ListItem","position":2,"name":"Exp\u00e9riences culinaires"}]},{"@type":"WebSite","@id":"https:\/\/www.cocinadelamor.com\/#website","url":"https:\/\/www.cocinadelamor.com\/","name":"Cocina del Amor","description":"","publisher":{"@id":"https:\/\/www.cocinadelamor.com\/#organization"},"potentialAction":[{"@type":"SearchAction","target":{"@type":"EntryPoint","urlTemplate":"https:\/\/www.cocinadelamor.com\/?s={search_term_string}"},"query-input":{"@type":"PropertyValueSpecification","valueRequired":true,"valueName":"search_term_string"}}],"inLanguage":"fr-FR"},{"@type":"Organization","@id":"https:\/\/www.cocinadelamor.com\/#organization","name":"Cocina del Amor","url":"https:\/\/www.cocinadelamor.com\/","logo":{"@type":"ImageObject","inLanguage":"fr-FR","@id":"https:\/\/www.cocinadelamor.com\/#\/schema\/logo\/image\/","url":"https:\/\/www.cocinadelamor.com\/wp-content\/uploads\/2026\/01\/Logo-officiel.png","contentUrl":"https:\/\/www.cocinadelamor.com\/wp-content\/uploads\/2026\/01\/Logo-officiel.png","width":500,"height":500,"caption":"Cocina del Amor"},"image":{"@id":"https:\/\/www.cocinadelamor.com\/#\/schema\/logo\/image\/"}}]}},"_links":{"self":[{"href":"https:\/\/www.cocinadelamor.com\/index.php\/wp-json\/wp\/v2\/pages\/60","targetHints":{"allow":["GET"]}}],"collection":[{"href":"https:\/\/www.cocinadelamor.com\/index.php\/wp-json\/wp\/v2\/pages"}],"about":[{"href":"https:\/\/www.cocinadelamor.com\/index.php\/wp-json\/wp\/v2\/types\/page"}],"author":[{"embeddable":true,"href":"https:\/\/www.cocinadelamor.com\/index.php\/wp-json\/wp\/v2\/users\/1"}],"replies":[{"embeddable":true,"href":"https:\/\/www.cocinadelamor.com\/index.php\/wp-json\/wp\/v2\/comments?post=60"}],"version-history":[{"count":29,"href":"https:\/\/www.cocinadelamor.com\/index.php\/wp-json\/wp\/v2\/pages\/60\/revisions"}],"predecessor-version":[{"id":354,"href":"https:\/\/www.cocinadelamor.com\/index.php\/wp-json\/wp\/v2\/pages\/60\/revisions\/354"}],"wp:attachment":[{"href":"https:\/\/www.cocinadelamor.com\/index.php\/wp-json\/wp\/v2\/media?parent=60"}],"curies":[{"name":"wp","href":"https:\/\/api.w.org\/{rel}","templated":true}]}}